 8, what is 2 - -6705?
6707
In base 4, what is 1132 - 2?
1130
In base 5, what is -2410 - 40?
-3000
In base 15, what is 227 + -1?
226
In base 3, what is 11121 - 0?
11121
In base 10, what is -26 - 5?
-31
In base 13, what is -1 - 3?
-4
In base 12, what is -2a - -194?
166
In base 5, what is 3403 - -12?
3420
In base 3, what is -110212 - -222?
-102220
In base 15, what is 24 + -42?
-1d
In base 9, what is -1 + -177?
-178
In base 4, what is 3 + -333?
-330
In base 3, what is -12 + -20202010?
-20202022
In base 4, what is -2 - -213102?
213100
In base 12, what is -3 - 13a?
-141
In base 14, what is -270 - 5?
-275
In base 16, what is -f2 - -5?
-ed
In base 6, what is -4033 - 4?
-4041
In base 4, what is 213 + 113?
332
In base 13, what is -186 + -5?
-18b
In base 5, what is -10 + -132102?
-132112
In base 16, what is 0 + 15?
15
In base 11, what is -3 - 110?
-113
In base 12, what is 0 - -6?
6
In base 10, what is -10 - -10?
0
In base 7, what is -16 - 36?
-55
In base 6, what is 405 - -5?
414
In base 12, what is -18 + 2b?
13
In base 5, what is 4 - -202313?
202322
In base 5, what is -3240 + -3?
-3243
In base 14, what is 39 - c?
2b
In base 3, what is 2011 + 10?
2021
In base 10, what is -292 - 8?
-300
In base 8, what is -466 - 3?
-471
In base 8, what is -615 + 112?
-503
In base 2, what is -1001010 - -101001?
-100001
In base 10, what is 847 + 5?
852
In base 5, what is -11 - 1?
-12
In base 13, what is 14 - -15?
29
In base 6, what is -40 + -22?
-102
In base 3, what is 1 + -2010?
-2002
In base 11, what is -5 - -a1?
97
In base 8, what is 0 + -235?
-235
In base 4, what is -22 + -110211?
-110233
In base 15, what is 8 - -6d?
76
In base 8, what is 5 + 51?
56
In base 12, what is -4 + -421?
-425
In base 14, what is -67 + -1b?
-84
In base 16, what is 3 - -635?
638
In base 2, what is 11 - -11011011?
11011110
In base 7, what is -3 + -4234?
-4240
In base 9, what is 4 - -471?
475
In base 15, what is 4 - 34?
-30
In base 8, what is 3 + 71?
74
In base 13, what is -4 - -2a2?
29b
In base 6, what is 1 + -3320?
-3315
In base 10, what is 26 + 19?
45
In base 10, what is 0 - -270?
270
In base 15, what is 3 + -819?
-816
In base 9, what is 2431 + 1?
2432
In base 5, what is 322 + 102?
424
In base 3, what is -1010 - 202?
-1212
In base 9, what is -5 + 2624?
2618
In base 12, what is -2722 + 0?
-2722
In base 13, what is -3 + -378?
-37b
In base 3, what is -11 - -2202001?
2201220
In base 2, what is -11111000100 - 1?
-11111000101
In base 8, what is -5 + 340?
333
In base 3, what is 202 + -1022?
-120
In base 8, what is 0 + 61?
61
In base 16, what is 4 + -46?
-42
In base 12, what is -3 - 23?
-26
In base 10, what is -2 + -38?
-40
In base 13, what is -2 + 7a?
78
In base 6, what is -4 - -5511?
5503
In base 14, what is -13b - -5?
-136
In base 3, what is 211 - -1000?
1211
In base 5, what is 230 - 2?
223
In base 13, what is 6b + -1a?
51
In base 9, what is -2 + -44?
-46
In base 9, what is 1042 + 1?
1043
In base 4, what is 3 + 200?
203
In base 4, what is -12202212 - -11?
-12202201
In base 4, what is 3213 - -11?
3230
In base 8, what is 202 + -6?
174
In base 15, what is -1 + 16e?
16d
In base 13, what is -27c + -5?
-284
In base 5, what is -12410 + -1?
-12411
In base 12, what is 124 - 1?
123
In base 14, what is 9d + -2?
9b
In base 13, what is -32 - 89?
-bb
In base 4, what is -12211 - -32?
-12113
In base 6, what is -1032105 + 1?
-1032104
In base 12, what is a + 297?
2a5
In base 12, what is -5 + -6b?
-74
In base 14, what is 5 + -27?
-22
In base 2, what is 1 - 10010?
-10001
In base 15, what is 3 + -78?
-75
In base 14, what is 37 - -6?
3d
In base 14, what is 6 + -51?
-49
In base 16, what is -3 + d7?
d4
In base 11, what is 47 - -3?
4a
In base 4, what is 12231 - 12?
12213
In base 15, what is 4 + -6a?
-66
In base 7, what is -16 - 44?
-63
In base 8, what is -2433 - 3?
-2436
In base 9, what is 6 - 65?
-58
In base 10, what is -67 - -3?
-64
In base 10, what is 1 - 46?
-45
In base 14, what is -2c93 - 3?
-2c96
In base 9, what is 7 + -110?
-102
In base 6, what is -2 - -325?
323
In base 11, what is 2 - -3654?
3656
In base 3, what is -10 + -220022?
-220102
In base 6, what is -1 - 2?
-3
In base 13, what is 2c0 + c?
2cc
In base 8, what is -72 + 41?
-31
In base 4, what is -21030 - -11?
-21013
In base 10, what is -5 - -96?
91
In base 5, what is 13 + 2230?
2243
In base 12, what is 113a - -1?
113b
In base 14, what is 5 - 2c?
-27
In base 9, what is 0 + -607?
-607
In base 3, what is -12 + -10012012?
-10012101
In base 3, what is -2 + -220?
-222
In base 16, what is 3a76 + 5?
3a7b
In base 12, what is -5 + 51a?
515
In base 16, what is -2 + -42a?
-42c
In base 9, what is -4 - 106?
-111
In base 6, what is 2 - -125?
131
In base 6, what is 11055 + 5?
11104
In base 14, what is 30 - 0?
30
In base 6, what is 14 - 24?
-10
In base 10, what is -2 - 107?
-109
In base 15, what is -bb - 1?
-bc
In base 2, what is -101 - -11010?
10101
In base 5, what is -2 - -234?
232
In base 7, what is -2 + -225?
-230
In base 3, what is 1002011 - 1?
1002010
In base 3, what is -1000102 - -2?
-1000100
In base 12, what is -161 - -2?
-15b
In base 13, what is -19 - 2?
-1b
In base 8, what is -1 + -266?
-267
In base 2, what is -1000100111 - -11001?
-1000001110
In base 6, what is -433554 - 0?
-433554
In base 3, what is 221 + 1021?
2012
In base 15, what is 260 + -1?
25e
In base 16, what is ee + -4?
ea
In base 12, what is 0 + -767?
-767
In base 9, what is -4 - -126?
122
In base 4, what is -1100 - -2101?
1001
In base 11, what is -2 - -36?
34
In base 15, what is 106 - 2?
104
In base 4, what is 11 + -33?
-22
In base 11, what is 0 + 48?
48
In base 16, what is 7 - 3?
4
In base 7, what is -22551 + 3?
-22545
In base 15, what is -4 + -2db?
-2e0
In base 5, what is 0 - -2201?
2201
In base 5, what is 2 + 3300?
3302
In base 5, what is -21210 + -4?
-21214
In base 13, what is 5b + 2?
60
In base 9, what is -2 - -36?
34
In base 12, what is 4a4 + -9?
497
In base 4, what is -320223 + -10?
-320233
In base 13, what is -3 + 190?
18a
In base 10, what is -3 - 16?
-19
In base 5, what is -110 + -111?
-221
In base 7, what is -100 + 153?
53
In base 3, what is 0 + -122112?
-122112
In base 11, what is -1 + 267?
266
In base 12, what is 0 + 376b?
376b
In base 8, what is -2 + 7624?
7622
In base 10, what is -2 + -480?
-482
In base 13, what is -31 + -17?
-48
In base 12, what is 5 - 882?
-879
In base 7, what is 366 + -145?
221
In base 4, what is 1130122 + -3?
1130113
In base 6, what is -2 - 1235?
-1241
In base 4, what is 1021 - -1?
1022
In base 4, what is -112303 - -11?
-112232
In base 8, what is -3 - -250?
245
In base 3, what is -20 + -10010?
-10100
In base 3, what is -10101 - -2?
-10022
In base 5, what is 1024 + 0?
1024
In base 11, what is -15 - -a1?
87
In base 16, what is 3 + 51?
54
In base 9, what is -7 + -578?
-586
In base 15, what is 2 + 50a?
50c
In base 11, what is -4 - -16?
12
In base 4, what is -200030 + -12?
-200102
In base 12, what is 145 - 1?
144
In base 9, what is -31 + 26?
-4
In base 6, what is -10 - 114?
-124
In base 15, what is -5 - -892?
88c
In base 16, what is -9 - 19?
-22
In base 10, what is -2 - 170?
-172
In base 13, what is -a + -69b?
-6a8
In base 11, what is 93 + 5?
98
In base 7, what is 5 + 6225?
6233
In base 14, what is -5 + -50?
-55
In base 15, what is -167 + 0?
-167
In base 11, what is 4998 + 5?
49a2
In base 10, what is -140 - 2?
-142
In base 2, what is -11 + -1100101101?
-1100110000
In base 2, what is 1100101 - -10001?
1110110
In base 16, what is -2e41 - 0?
-2e41
In base 9, what is 650 + 1?
651
In base 16, what is 5 + -2f?
-2a
In base 12, what is -26 + -5?
-2b
In base 6, what is 315 - -1?
320
In base 2, what is 10001 + 100?
10101
In base 13, what is 91 - 5?
89
In base 2, what is -1 - 1001011?
-1001100
In base 2, what is -1 + 1111?
1110
In base 2, what is -110110000001011 - 101?
-110110000010000
In base 4, what is 10 - 112011?
-112001
In base 15, what is -5 + -891?
-896
In base 2, what is 10000 - 1011110?
-1001110
In base 5, what is -4 - -113?
104
In base 10, what is 4 - 46?
-42
In base 14, what is -11 + 3?
-c
In base 13, what is -aa6 + 2?
-aa4
In base 10, what is 1 + -129?
-128
In base 14, what is -5 - 49?
-50
In base 13, what is 6 - -460?
466
In base 11, what is 4 - 62?
-59
In base 10, what is -5 + 219?
214
In base 13, what is -4 - b0?
-b4
In base 13, what is 1 - -180?
181
In base 6, what i